{"id":3518,"date":"2018-12-23T18:32:07","date_gmt":"2018-12-23T18:32:07","guid":{"rendered":"https:\/\/borkyou.com\/product\/expedicion-kayak-duero\/"},"modified":"2025-04-08T10:55:33","modified_gmt":"2025-04-08T10:55:33","slug":"expedicion-kayak-duero","status":"publish","type":"product","link":"https:\/\/borkyou.com\/es\/tours\/expedicion-kayak-duero\/","title":{"rendered":"Expedici\u00f3n en Kayak por el Duero"},"content":{"rendered":"<h1>Una experiencia en kayak \u00fanica, donde apreciaremos las maravillas de la madre naturaleza.<\/h1>\n<h2>International Douro es un tesoro que te impresionar\u00e1, mientras que el kayak es la mejor manera de descubrirlo.<\/h2>\n<p>El r\u00edo Duero, con sus 928 km de longitud, es una de las principales cuencas fluviales de Europa occidental. Despu\u00e9s de su lento viaje por las llanuras cerealistas espa\u00f1olas, el Duero forma la frontera natural entre Portugal y Espa\u00f1a. Esta zona, conocida como el \u201cDouro Internacional\u201d en Portugal y \u201cArribes del Duero\u201d en Espa\u00f1a es una maravilla de la naturaleza por la inmensa belleza de sus paisajes y biodiversidad.<br \/>\nDesde Zamora hasta Alva Barca, que dura aproximadamente 150 km, el r\u00edo desciende 640 metros hasta alcanzar una altitud de 150 metros sobre el nivel del mar. Es un descenso violento que crea una frontera impresionante. La topograf\u00eda se caracteriza por la colecci\u00f3n del sistema fluvial, donde los valles son a menudo pendientes empinadas y acantilados de 400 metros de altura, formando un paisaje de belleza impresionante. El clima mediterr\u00e1neo de esta regi\u00f3n, caracterizado por la suavidad de las estaciones fr\u00edas casi sin heladas, ha sido explotado por el hombre para el cultivo de especies ex\u00f3ticas en estas latitudes, como las aceitunas, las almendras y los c\u00edtricos.<br \/>\nY Es a lo largo del r\u00edo Duero, suavizado por cinco presas, que una comunidad de aves (algunas en peligro de extinci\u00f3n) encontraron su h\u00e1bitat. Este es el caso de la Cig\u00fce\u00f1a Negra, el Buitre Leonado, el \u00c1guila Real, el \u00c1guila Bonneli, el Real de Mil\u00e1n y el Alimoche, que encontraron refugio entre los acantilados ba\u00f1ados por las aguas.<br \/>\nRemaremos entre las presas esculpidas en los acantilados. Probablemente no veamos un alma humana al lado de nuestro grupo mientras remamos. Sentir\u00e1s la inmensidad de la naturaleza y apreciar\u00e1s la belleza del parque natural.<\/p>\n<table class=\"table table-bordered tours-tabs__table\" style=\"height: 420px;\" width=\"1232\">\n<tbody>\n<tr>\n<td><strong>INCLUIDO<\/strong><\/td>\n<td><i class=\"fa fa-check icon-tick icon-tick--on\"><\/i>Gu\u00edas profesionales de kayak certificados por la American Canoe Association y la Federaci\u00f3n Portuguesa de Canoas y Kayaks.\n<p><i class=\"fa fa-check icon-tick icon-tick--on\"><\/i>Traslados desde y hacia el centro de la ciudad de Oporto o el aeropuerto.<\/p>\n<p><i class=\"fa fa-check icon-tick icon-tick--on\"><\/i>Todos los equipos: kayaks de mar, palas, pollera(cubre habit\u00e1culo de kayak), PFDs.<\/p>\n<p><i class=\"fa fa-check icon-tick icon-tick--on\"><\/i>Todos los transportes en el lugar<\/p>\n<p><i class=\"fa fa-check icon-tick icon-tick--on\"><\/i>7 noches en alojamientos rurales de alta calidad.<\/p>\n<p><i class=\"fa fa-check icon-tick icon-tick--on\"><\/i>Todas las comidas desde el almuerzo del primer d\u00eda hasta el desayuno del d\u00eda 8.<\/p>\n<p><i class=\"fa fa-check icon-tick icon-tick--on\"><\/i>Alojamiento y comida de alta calidad.<\/p>\n<p><i class=\"fa fa-check icon-tick icon-tick--on\"><\/i>5 alojamientos diferentes durante la estancia.<\/p><\/td>\n<\/tr>\n<tr>\n<td><strong>NO INCLUIDO<\/strong><\/td>\n<td><i class=\"fa fa-times icon-tick icon-tick--off\"><\/i>Equipo personal(bolsas para su ropa, camara y ropa)\n<p><i class=\"fa fa-times icon-tick icon-tick--off\"><\/i>Bebidas extra<\/p>\n<p><i class=\"fa fa-times icon-tick icon-tick--off\"><\/i>Recuerdos\/Souvenirs<\/p><\/td>\n<\/tr>\n<\/tbody>\n<\/table>\n<h2>Pr\u00f3ximas salidas<\/h2>\n<p>&nbsp;<\/p>\n<table class=\"table table-bordered tours-tabs__table\">\n<tbody>\n<tr>\n<td><strong>08\/09\/2024 to 14\/09\/2024<\/strong><\/td>\n<td><i class=\"fa fa-check icon-tick icon-tick--on\"><\/i>Plazas disponibles<\/td>\n<\/tr>\n<tr>\n<td><strong>15\/09\/2024 to 21\/09\/2024<\/strong><\/td>\n<td><i class=\"fa fa-check icon-tick icon-tick--on\"><\/i>Plazas limitadas<\/td>\n<\/tr>\n<tr>\n<td><strong>29\/09\/2024 to 05\/10\/2024<\/strong><\/td>\n<td><i class=\"fa fa-times icon-tick icon-tick--off\"><\/i>Agotado<\/td>\n<\/tr>\n<tr>\n<td><strong>06\/10\/2024 to 12\/10\/2024<\/strong><\/td>\n<td><i class=\"fa fa-times icon-tick icon-tick--off\"><\/i>Agotado<\/td>\n<\/tr>\n<tr>\n<td><strong>12\/10\/2024 to 18\/10\/2024<\/strong><\/td>\n<td><i class=\"fa fa-check icon-tick icon-tick--on\"><\/i>Plazas disponibles<\/td>\n<\/tr>\n<tr>\n<td><strong>20\/10\/2024 to 26\/10\/2024<\/strong><\/td>\n<td><i class=\"fa fa-times icon-tick icon-tick--off\"><\/i>Agotado<\/td>\n<\/tr>\n<\/tbody>\n<\/table>\n","protected":false},"excerpt":{"rendered":"<p><span class=\"tlid-translation translation\"><span class=\"\" title=\"\">De lejos, la expedici\u00f3n en kayak m\u00e1s popular y la m\u00e1s bella.<\/span> <span class=\"\" title=\"\">Sentir\u00e1s la inmensidad de la naturaleza y apreciar\u00e1s la belleza del Parque Natural del Duero Internacional a trav\u00e9s de una semana de kayak en el r\u00edo.<\/span><\/span><\/p>\n","protected":false},"featured_media":9998,"template":"","meta":{"content-type":""},"product_brand":[],"product_cat":[147],"product_tag":[],"class_list":["post-3518","product","type-product","status-publish","has-post-thumbnail","product_cat-sin-categorizar","tour_category-eventos-es","tour_category-portugal-hiking-kayaking-expeditions-es","first","instock","taxable","shipping-taxable","purchasable","product-type-tour"],"_links":{"self":[{"href":"https:\/\/borkyou.com\/es\/wp-json\/wp\/v2\/product\/3518","targetHints":{"allow":["GET"]}}],"collection":[{"href":"https:\/\/borkyou.com\/es\/wp-json\/wp\/v2\/product"}],"about":[{"href":"https:\/\/borkyou.com\/es\/wp-json\/wp\/v2\/types\/product"}],"wp:featuredmedia":[{"embeddable":true,"href":"https:\/\/borkyou.com\/es\/wp-json\/wp\/v2\/media\/9998"}],"wp:attachment":[{"href":"https:\/\/borkyou.com\/es\/wp-json\/wp\/v2\/media?parent=3518"}],"wp:term":[{"taxonomy":"product_brand","embeddable":true,"href":"https:\/\/borkyou.com\/es\/wp-json\/wp\/v2\/product_brand?post=3518"},{"taxonomy":"product_cat","embeddable":true,"href":"https:\/\/borkyou.com\/es\/wp-json\/wp\/v2\/product_cat?post=3518"},{"taxonomy":"product_tag","embeddable":true,"href":"https:\/\/borkyou.com\/es\/wp-json\/wp\/v2\/product_tag?post=3518"}],"curies":[{"name":"wp","href":"https:\/\/api.w.org\/{rel}","templated":true}]}}

Expedición en Kayak por el Duero

<h1>Una experiencia en kayak única, donde apreciaremos las maravillas de la madre naturaleza.</h1>
<h2>International Douro es un tesoro que te impresionará, mientras que el kayak es la mejor manera de descubrirlo.</h2>
<p>El río Duero, con sus 928 km de longitud, es una de las principales cuencas fluviales de Europa occidental. Después de su lento viaje por las llanuras cerealistas españolas, el Duero forma la frontera natural entre Portugal y España. Esta zona, conocida como el “Douro Internacional” en Portugal y “Arribes del Duero” en España es una maravilla de la naturaleza por la inmensa belleza de sus paisajes y biodiversidad.<br />
Desde Zamora hasta Alva Barca, que dura aproximadamente 150 km, el río desciende 640 metros hasta alcanzar una altitud de 150 metros sobre el nivel del mar. Es un descenso violento que crea una frontera impresionante. La topografía se caracteriza por la colección del sistema fluvial, donde los valles son a menudo pendientes empinadas y acantilados de 400 metros de altura, formando un paisaje de belleza impresionante. El clima mediterráneo de esta región, caracterizado por la suavidad de las estaciones frías casi sin heladas, ha sido explotado por el hombre para el cultivo de especies exóticas en estas latitudes, como las aceitunas, las almendras y los cítricos.<br />
Y Es a lo largo del río Duero, suavizado por cinco presas, que una comunidad de aves (algunas en peligro de extinción) encontraron su hábitat. Este es el caso de la Cigüeña Negra, el Buitre Leonado, el Águila Real, el Águila Bonneli, el Real de Milán y el Alimoche, que encontraron refugio entre los acantilados bañados por las aguas.<br />
Remaremos entre las presas esculpidas en los acantilados. Probablemente no veamos un alma humana al lado de nuestro grupo mientras remamos. Sentirás la inmensidad de la naturaleza y apreciarás la belleza del parque natural.</p>
<table class="table table-bordered tours-tabs__table" style="height: 420px;" width="1232">
<tbody>
<tr>
<td><strong>INCLUIDO</strong></td>
<td><i class="fa fa-check icon-tick icon-tick--on"></i>Guías profesionales de kayak certificados por la American Canoe Association y la Federación Portuguesa de Canoas y Kayaks.
<p><i class="fa fa-check icon-tick icon-tick--on"></i>Traslados desde y hacia el centro de la ciudad de Oporto o el aeropuerto.</p>
<p><i class="fa fa-check icon-tick icon-tick--on"></i>Todos los equipos: kayaks de mar, palas, pollera(cubre habitáculo de kayak), PFDs.</p>
<p><i class="fa fa-check icon-tick icon-tick--on"></i>Todos los transportes en el lugar</p>
<p><i class="fa fa-check icon-tick icon-tick--on"></i>7 noches en alojamientos rurales de alta calidad.</p>
<p><i class="fa fa-check icon-tick icon-tick--on"></i>Todas las comidas desde el almuerzo del primer día hasta el desayuno del día 8.</p>
<p><i class="fa fa-check icon-tick icon-tick--on"></i>Alojamiento y comida de alta calidad.</p>
<p><i class="fa fa-check icon-tick icon-tick--on"></i>5 alojamientos diferentes durante la estancia.</p></td>
</tr>
<tr>
<td><strong>NO INCLUIDO</strong></td>
<td><i class="fa fa-times icon-tick icon-tick--off"></i>Equipo personal(bolsas para su ropa, camara y ropa)
<p><i class="fa fa-times icon-tick icon-tick--off"></i>Bebidas extra</p>
<p><i class="fa fa-times icon-tick icon-tick--off"></i>Recuerdos/Souvenirs</p></td>
</tr>
</tbody>
</table>
<h2>Próximas salidas</h2>
<p>&nbsp;</p>
<table class="table table-bordered tours-tabs__table">
<tbody>
<tr>
<td><strong>08/09/2024 to 14/09/2024</strong></td>
<td><i class="fa fa-check icon-tick icon-tick--on"></i>Plazas disponibles</td>
</tr>
<tr>
<td><strong>15/09/2024 to 21/09/2024</strong></td>
<td><i class="fa fa-check icon-tick icon-tick--on"></i>Plazas limitadas</td>
</tr>
<tr>
<td><strong>29/09/2024 to 05/10/2024</strong></td>
<td><i class="fa fa-times icon-tick icon-tick--off"></i>Agotado</td>
</tr>
<tr>
<td><strong>06/10/2024 to 12/10/2024</strong></td>
<td><i class="fa fa-times icon-tick icon-tick--off"></i>Agotado</td>
</tr>
<tr>
<td><strong>12/10/2024 to 18/10/2024</strong></td>
<td><i class="fa fa-check icon-tick icon-tick--on"></i>Plazas disponibles</td>
</tr>
<tr>
<td><strong>20/10/2024 to 26/10/2024</strong></td>
<td><i class="fa fa-times icon-tick icon-tick--off"></i>Agotado</td>
</tr>
</tbody>
</table>

<p><span class="tlid-translation translation"><span class="" title="">De lejos, la expedición en kayak más popular y la más bella.</span> <span class="" title="">Sentirás la inmensidad de la naturaleza y apreciarás la belleza del Parque Natural del Duero Internacional a través de una semana de kayak en el río.</span></span></p>
